. What is the highest common divisor of w and 28?
4
Suppose -7*m + 12 + 9 = 0. Suppose 0 = 4*h - m*a + 4*a - 132, -h - 4*a = -48. What is the greatest common factor of 16 and h?
16
Let r(q) = -9*q - 20. Let c be r(-8). Calculate the greatest common factor of c and 26.
26
Suppose -14*z - 16 = -16*z. Calculate the greatest common divisor of z and 4.
4
Suppose 3*d - d - 2 = 0. Let n = d + -2. Let w(x) = -18*x. Let f be w(n). Calculate the greatest common factor of f and 45.
9
Let x = -33 - -22. Let l = -5 - x. Suppose 2*o = -l + 32. What is the highest common factor of 13 and o?
13
Let r = 120 - 20. Let g = -37 + r. Let k(n) = -n**2 - 9*n + 1. Let s be k(-8). What is the greatest common divisor of s and g?
9
Let n = -5 + 5. Suppose -s + 2*s - 16 = n. Let y = 56 - -56. Calculate the highest common factor of y and s.
16
Let g = -16 + 21. Suppose w = -2*z + 3, 2*w = 5*z + 32 + 1. Let t be (-2)/w - (-92)/9. Calculate the highest common factor of g and t.
5
Let q be 812/8 + 3 - (-5)/(-10). What is the highest common divisor of q and 8?
8
Let f be 2*2*(-9)/(-9). Suppose 3*t = 2*u - 16, -f*u + 22 = t + 4. Suppose -u*w + 2 = -13. Calculate the greatest common factor of w and 3.
3
Suppose -7*w = -12 - 23. What is the greatest common factor of w and 20?
5
Suppose j = -3*x - 75, 41 = 3*j - x + 226. Let n be ((-90)/j)/((-2)/(-14)). Let a = 80 - 50. Calculate the highest common factor of a and n.
10
Suppose -3*m + m = -5*g - 16, 0 = 2*g + 4*m - 8. Let v be (28 + g)*2 + 0. What is the highest common divisor of 13 and v?
13
Let h = -131 - -137. Suppose 0 = -4*g - 0*g + 20. Let k(z) = 10*z - 2. Let x be k(g). What is the greatest common factor of h and x?
6
Suppose -d + 60 = 4*d. Suppose a - 5 = -0*a. Let n(h) = h**2 - 5*h + 3. Let g be n(a). Calculate the highest common divisor of g and d.
3
Suppose t = 26 - 5. Let o(p) = -p**3 + 5*p**2 + 3*p + 6. Let s be o(5). What is the greatest common factor of t and s?
21
Let t = -24 - -32. Calculate the highest common factor of 24 and t.
8
Suppose 4*z + 65 - 105 = 0. What is the highest common factor of z and 10?
10
Let a = -3 + 6. Suppose 2*j = -5*z + 53, 8 - 2 = 2*z - a*j. Suppose c - t = 8, -4*c + 3*c - 3*t + 12 = 0. What is the highest common factor of z and c?
9
Let f(y) = 3 + 0*y - 5 - 1 + 3*y. Let r be f(5). Calculate the highest common divisor of 132 and r.
12
Let h(f) = 34*f - 3. Let r be h(2). Let p = -37 + r. Let a be -1 - -74 - (1 + 1 - -1). What is the greatest common divisor of p and a?
14
Let s(f) = -3*f**3 + f**2 + 2*f - 4. Let u be s(-3). Let d be (u/25)/((-1)/(-15)). Let v be 9*((-4)/3)/(-2). Calculate the highest common factor of v and d.
6
Suppose 0*q - 3*z = -3*q - 6, -3*q - 5*z = -10. Suppose -3*u = q, v + u - 3 = 21. What is the highest common factor of 24 and v?
24
Suppose t - 3 - 19 = 2*p, 0 = 2*p + 6. What is the highest common factor of 256 and t?
16
Let c(h) = 36*h + 2. Let a be c(-3). Suppose 3*u = -12, -2*n - 3*u - 2*u = 164. Let z = n - a. Calculate the highest common divisor of 85 and z.
17
Suppose -5*w + 3*b + 196 = -176, -3*b + 153 = 2*w. Let r be 2/(2 - (-21)/(-12)). Let j = r - -7. What is the greatest common factor of j and w?
15
Let j(s) = 9 + 5*s**2 - 3 + 3*s - 2 + s**3. Let y be j(-3). Let f = y + -2. What is the highest common divisor of 22 and f?
11
Suppose 0 = 3*m - 2*v - 31, m - 2*m + 5*v + 19 = 0. Calculate the highest common divisor of m and 36.
9
Suppose 2*n = -0*n - 8. Let v be (-583)/(-55) - n/10. What is the highest common divisor of v and 110?
11
Suppose -10 = -2*y, -y = -l + 3*y - 19. Let r be (-220)/(-15)*(-99)/(-12). Let v be r/l + (5 - 5). Calculate the highest common divisor of 11 and v.
11
Let m(s) = -s**3 - 5*s**2 + 2*s + 4. Let d be m(-4). Let q = d + 30. Let f = 39 + 1. What is the highest common factor of q and f?
10
Let o = 606 + -342. Suppose 27*m = 23*m + 96. What is the highest common divisor of m and o?
24
Let w(h) = 5*h. Let s be w(1). Suppose s*d + 5 = -5*n + 3*d, 0 = 3*n + d + 2. Let p be ((-8)/(-3))/(n/3). Calculate the highest common factor of 72 and p.
8
Suppose 2*q + z + 3*z = 14, 2*z = -8. Suppose -4*p = 5*m - 122 + 10, -m + 26 = 2*p. Let a = m - -10. What is the highest common factor of a and q?
15
Suppose -693 = -4*d - 3*k, -2*d = d - 5*k - 498. Calculate the highest common divisor of d and 19.
19
Let x(z) = z**3 + 8*z**2 - 9*z + 3. Let s be x(-9). Calculate the highest common divisor of 24 and s.
3
Let u(w) = -w**2 + 6*w + 10. Let o be u(7). Let j = -51 + 85. Suppose 0 = -o*b + 4*x + j, -31 = -0*b - 2*b + x. What is the highest common factor of b and 12?
6
Let y = -125 - -188. What is the highest common factor of y and 21?
21
Suppose -4*k = 5*q - 149, 0 = -4*q + 6*k - k + 152. Let o(m) = 6*m + 2*m**2 + 3 - 4*m + 2*m. Let c be o(-2). Calculate the highest common factor of c and q.
3
Let t(q) = -3*q**3 - 2*q**2 + 2*q + 1. Let p be t(-2). What is the highest common divisor of p and 13?
13
Let x be (188/16 - 3)*4. Calculate the highest common divisor of x and 7.
7
Let p(b) = b**3 + 3*b**2 + 2. Let l be p(-3). Let h(m) = m + 14. Let v be h(0). What is the highest common factor of v and l?
2
Let v(m) = 28*m - 3. Let g be v(1). Calculate the greatest common factor of g and 200.
25
Let j be -4*2/(4/(-3)). Suppose -j*w = -w - 45. What is the highest common factor of w and 45?
9
Suppose 0 = 4*y - 12, 5*y + 46 - 389 = -d. What is the greatest common factor of 41 and d?
41
Let b(q) = -10*q - 2. Let c be b(3). Let j(v) = -v**2 - 3. Let h be j(-3). Let m be c/h*3/2. What is the greatest common factor of m and 36?
4
Let n(o) = -2 + 16*o + 5*o - 2*o. Let y be n(3). What is the highest common factor of y and 11?
11
Let f(w) = -35*w**3 + 2*w**2 - 2*w + 1. Let d be f(1). Let a be -3*(d/(-6))/(-1). What is the greatest common factor of 119 and a?
17
Let l(r) = r**3 + 13*r**2 + 22*r + 2. Let x be l(-11). Calculate the greatest common factor of x and 26.
2
Suppose 158 = 2*j - 2*b, b - 2*b = -5. What is the greatest common divisor of 126 and j?
42
Suppose 2 = -m + 2*m. Suppose 0 = -n + m*n - 9. Suppose 2 = 4*i + 2*c, -20 = -0*c + 4*c. Calculate the highest common factor of n and i.
3
Suppose 0 = 5*c + k - 523, -c + 204 = c + 3*k. Calculate the highest common divisor of 70 and c.
35
Let c(w) = -w**2 + 8*w - 10. Let i be c(5). Let p = 37 - 22. Calculate the highest common divisor of p and i.
5
Let b = 109 + -65. What is the highest common factor of 4 and b?
4
Suppose -6*v + 78 = -48. Calculate the greatest common factor of 7 and v.
7
Let h = -6 + -20. Let i(q) = q**2 - q - 6. Let b be i(7). Let f = b + h. Calculate the greatest common divisor of 25 and f.
5
Let v be 2/(((-12)/(-9))/(-2)). Let s be -2 + v/(-3) + 4. What is the greatest common factor of s and 9?
3
Suppose 8*r - 10*r + 30 = 0. Calculate the greatest common factor of r and 15.
15
Let a be (1*(-4)/6)/(4/(-204)). What is the highest common factor of a and 17?
17
Suppose -2*l = -4*f + 36, 0 = f + l - 0*l - 12. What is the greatest common factor of 10 and f?
10
Let y(c) = 3*c**2 - 16*c - 9. Let l be y(12). Suppose -110 = -5*v - r, -v - 5*r + 88 = 2*v. Calculate the highest common divisor of l and v.
21
Suppose 12*u = 14*u + 24. Let g = 17 + u. Calculate the greatest common divisor of g and 20.
5
Let r = 40 + -31. What is the greatest common divisor of r and 18?
9
Suppose 3*j - 3*s - 111 = 0, 20 = 3*j - 4*s - 91. Suppose -d + 48 = -j. Calculate the greatest common factor of 17 and d.
17
Suppose 3*s + 3*d - 15 = 0, -3*d + 14 = 5. Calculate the greatest common factor of s and 3.
1
Let z be ((-727)/(-2))/((-2)/4). Let t = 1254 + z. Suppose 40 - 452 = -4*m - 4*g, g = 5*m - t. Calculate the highest common divisor of 15 and m.
15
Let b(z) = 15*z - 3. Let j be b(5). Let s = 160 - j. Let k be (-110)/(-14) - 4/(-28). What is the highest common divisor of s and k?
8
Let d be 6/12 + 6/4. What is the highest common factor of 22 and d?
2
Suppose 0*k - 20 = 2*k. Let j = k - -6. Let s be (-12)/(j - -2) + -2. Calculate the greatest common factor of 44 and s.
4
Suppose 0 = -3*d + 50 - 2. Suppose 3*l - d = 8. What is the greatest common divisor of l and 8?
8
Let w be (-2)/6 + (-615)/(-9). What is the highest common factor of 170 and w?
34
Let o be (-8 - -22)/(4/2). Calculate the greatest common factor of o and 7.
7
Suppose 0